the prime factors of 94352801?
94352801
What are the prime factors of 543730931?
543730931
What are the prime factors of 226505180?
2, 5, 11, 1029569
List the prime factors of 52860471.
3, 101, 174457
What are the prime factors of 159835479?
3, 17, 3134029
List the prime factors of 46483988.
2, 37, 89, 3529
What are the prime factors of 1097734647?
3, 9413, 38873
List the prime factors of 6207447.
3, 23, 89963
What are the prime factors of 35370845?
5, 31, 228199
What are the prime factors of 39059390?
2, 5, 647, 6037
What are the prime factors of 310969968?
2, 3, 863, 7507
List the prime factors of 43098179.
17, 2535187
List the prime factors of 475048521.
3, 52783169
What are the prime factors of 1295008927?
4909, 263803
What are the prime factors of 1614211816?
2, 7, 137, 210403
List the prime factors of 309993865.
5, 229, 270737
What are the prime factors of 1164083982?
2, 3, 19, 853, 11971
What are the prime factors of 893867806?
2, 13, 19, 1809449
What are the prime factors of 19295709?
3, 47, 136849
List the prime factors of 61758341.
19, 41, 79279
What are the prime factors of 2942202257?
17, 173070721
List the prime factors of 417983290.
2, 5, 41798329
List the prime factors of 1767359092.
2, 441839773
List the prime factors of 159805611.
3, 7, 362371
List the prime factors of 22697976.
2, 3, 7, 19301
What are the prime factors of 1025726936?
2, 13, 9862759
What are the prime factors of 409147236?
2, 3, 43, 113, 2339
What are the prime factors of 344278014?
2, 3, 57379669
List the prime factors of 86123894.
2, 43061947
List the prime factors of 2362064917.
42359, 55763
What are the prime factors of 78745753?
78745753
List the prime factors of 1148808483.
3, 127645387
List the prime factors of 380622668.
2, 19, 5008193
What are the prime factors of 500417854?
2, 23, 3067, 3547
What are the prime factors of 347014062?
2, 3, 19, 31, 71, 461
List the prime factors of 61556607.
3, 7, 31, 43, 733
List the prime factors of 1154700471.
3, 19, 499, 40597
What are the prime factors of 15135792?
2, 3, 7, 107, 421
List the prime factors of 293025976.
2, 29, 53, 23831
What are the prime factors of 1084071942?
2, 3, 19, 1193, 2657
What are the prime factors of 3940553097?
3, 13, 17, 660391
List the prime factors of 3306531113.
1117, 2960189
List the prime factors of 102142825.
5, 181, 22573
What are the prime factors of 1835348413?
461, 1019, 3907
What are the prime factors of 6510386912?
2, 17, 163, 73421
What are the prime factors of 156165839?
1597, 97787
What are the prime factors of 103361523?
3, 34453841
List the prime factors of 23437191.
3, 29, 269393
What are the prime factors of 32884749?
3, 17, 37, 157
What are the prime factors of 164502731?
164502731
List the prime factors of 642458263.
83, 7740461
List the prime factors of 167110694.
2, 83555347
List the prime factors of 1810172328.
2, 3, 75423847
List the prime factors of 470156016.
2, 3, 11, 151, 5897
What are the prime factors of 1714970737?
1714970737
What are the prime factors of 24152570?
2, 5, 13, 185789
What are the prime factors of 295045969?
295045969
What are the prime factors of 2750058551?
1217, 2259703
List the prime factors of 103996703.
607, 171329
List the prime factors of 2147347804.
2, 7, 23, 29, 31, 3709
What are the prime factors of 15202067?
15202067
List the prime factors of 80143311.
3, 19, 131, 10733
List the prime factors of 3043947.
3, 1014649
What are the prime factors of 40534230?
2, 3, 5, 11, 113, 1087
What are the prime factors of 4990463?
4990463
What are the prime factors of 721881907?
137, 5269211
What are the prime factors of 496397886?
2, 3, 82732981
List the prime factors of 86502936.
2, 3, 13, 17, 47, 347
What are the prime factors of 88421838?
2, 3, 71, 207563
List the prime factors of 1483900854.
2, 3, 247316809
List the prime factors of 68403754.
2, 4447, 7691
List the prime factors of 71824990.
2, 5, 103, 137, 509
What are the prime factors of 630187239?
3, 11, 157823
What are the prime factors of 99278660?
2, 5, 13, 381841
List the prime factors of 690828824.
2, 7, 373, 33073
List the prime factors of 450829827.
3, 7, 2385343
What are the prime factors of 383298386?
2, 193, 993001
List the prime factors of 389201647.
389201647
What are the prime factors of 113160132?
2, 3, 1047779
List the prime factors of 93824071.
11, 17, 19, 26407
List the prime factors of 1448285501.
13, 111406577
What are the prime factors of 3781957?
71, 53267
What are the prime factors of 78521414?
2, 19, 401, 5153
List the prime factors of 6377070332.
2, 71, 22454473
What are the prime factors of 1655643171?
3, 7, 13, 6064627
List the prime factors of 378679237.
378679237
List the prime factors of 260487075.
3, 5, 23, 151007
List the prime factors of 151293891.
3, 7, 7204471
What are the prime factors of 351392368?
2, 227, 96749
List the prime factors of 100175147.
443, 226129
List the prime factors of 71467680.
2, 3, 5, 148891
What are the prime factors of 60629087?
31, 1955777
List the prime factors of 1226664950.
2, 5, 7, 3504757
What are the prime factors of 21495973?
17, 19, 61, 1091
What are the prime factors of 72828458?
2, 36414229
What are the prime factors of 2380288174?
2, 11, 223, 653, 743
List the prime factors of 8636332.
2, 2159083
List the prime factors of 94267042.
2, 103, 457607
List the prime factors of 270539087.
7, 13, 23, 61, 163
What are the prime factors of 572304553?
67, 839, 10181
List the prime factors of 21388983.
3, 7, 11, 92593
List the prime factors of 330169206.
2, 3, 17, 190409
List the prime factors of 1186426399.
1186426399
What are the prime factors of 214004558?
2, 23, 4652273
What are the prime factors of 337185116?
2, 719, 117241
List the prime factors of 259902342.
2, 3, 7, 1153, 1789
List the prime factors of 299919748.
2, 74979937
List the prime factors of 55554156.
2, 3, 7, 89, 2477
List the prime factors of 17992044.
2, 3, 7, 7933
List the prime factors of 3534978752.
2, 55234043
What are the prime factors of 30278481?
3, 47, 214741
What are the prime factors of 1306432920?
2, 3, 5, 13, 547, 1531
What are the prime factors of 39201476?
2, 23, 426103
List the prime factors of 2455693019.
13, 19, 9942077
List the prime factors of 97307278.
2, 383, 127033
List the prime factors of 17184800.
2, 5, 21481
What are the prime factors of 2143898880?
2, 3, 5, 558307
List the prime factors of 462005987.
18233, 25339
List the prime factors of 7514635.
5, 229, 6563
What are the prime factors of 288949396?
2, 701, 103049
What are the prime factors of 21874174?
2, 7, 227, 6883
What are the prime factors of 112984556?
2, 23, 769, 1597
What are the prime factors of 728739574?
2, 719, 506773
List the prime factors of 282843864.
2, 3, 347, 11321
List the prime factors of 1010168037.
3, 389, 96179
List the prime factors of 152160559.
307, 495637
List the prime factors of 24306620.
2, 5, 13, 93487
List the prime factors of 1560118333.
1560118333
List the prime factors of 130798443.
3, 127, 343303
What are the prime factors of 1722060004?
2, 7, 4457, 13799
What are the prime factors of 112583817?
3, 4169771
List the prime factors of 1383867843.
3, 461289281
What are the prime factors of 6706435773?
3, 83, 2089, 12893
What are the prime factors of 1971851255?
5, 11, 19, 31, 60869
List the prime factors of 12699378.
2, 3, 705521
List the prime factors of 17750813.
29, 53, 11549
What are the prime factors of 59284277?
13, 829, 5501
List the prime factors of 6310900.
2, 5, 223, 283
List the prime factors of 346213244.
2, 13, 6657947
List the prime factors of 1981022909.
1981022909
List the prime factors of 2147170204.
2, 127, 4226713
List the prime factors of 550297046.
2, 13, 21165271
What are the prime factors of 87791980?
2, 5, 659, 6661
List the prime factors of 963815448.
2, 3, 307, 130811
List the prime factors of 5534603545.
5, 103, 10746803
List the prime factors of 55716613.
149, 373937
What are the prime factors of 101958388?
2, 7, 3641371
List the prime factors of 409840513.
797, 514229
List the prime factors of 52211932.
2, 23, 59, 9619
List the prime factors of 5835767863.
19, 307145677
List the prime factors of 570036910.
2, 5, 57003691
What are the prime factors of 7422168936?
2, 3, 7, 13, 47, 72307
List the prime factors of 58733